{"id":33,"date":"2017-06-05T23:14:02","date_gmt":"2017-06-05T21:14:02","guid":{"rendered":"http:\/\/lamaisonbulle.fr\/?page_id=33"},"modified":"2024-05-22T14:16:45","modified_gmt":"2024-05-22T12:16:45","slug":"contact","status":"publish","type":"page","link":"https:\/\/lamaisonbulle.fr\/?page_id=33","title":{"rendered":"Retour en images&#8230;"},"content":{"rendered":"<h1>Apprivoisons-nos \u00e9motions<\/h1>\n<p><img decoding=\"async\" loading=\"lazy\" class=\"wp-image-387 alignnone\" src=\"http:\/\/lamaisonbulle.fr\/wp-content\/uploads\/2017\/06\/DSC_0418.jpg\" alt=\"\" width=\"263\" height=\"210\" srcset=\"https:\/\/lamaisonbulle.fr\/wp-content\/uploads\/2017\/06\/DSC_0418.jpg 800w, https:\/\/lamaisonbulle.fr\/wp-content\/uploads\/2017\/06\/DSC_0418-300x240.jpg 300w, https:\/\/lamaisonbulle.fr\/wp-content\/uploads\/2017\/06\/DSC_0418-768x614.jpg 768w\" sizes=\"(max-width: 263px) 100vw, 263px\" \/> <img decoding=\"async\" loading=\"lazy\" class=\"wp-image-388 alignnone\" src=\"http:\/\/lamaisonbulle.fr\/wp-content\/uploads\/2017\/06\/DSC_0394.jpg\" alt=\"\" width=\"300\" height=\"208\" srcset=\"https:\/\/lamaisonbulle.fr\/wp-content\/uploads\/2017\/06\/DSC_0394.jpg 800w, https:\/\/lamaisonbulle.fr\/wp-content\/uploads\/2017\/06\/DSC_0394-300x208.jpg 300w, https:\/\/lamaisonbulle.fr\/wp-content\/uploads\/2017\/06\/DSC_0394-768x533.jpg 768w\" sizes=\"(max-width: 300px) 100vw, 300px\" \/><\/p>\n<h1>Eveil \u00e0 soi et au monde<\/h1>\n<p><img decoding=\"async\" loading=\"lazy\" class=\"wp-image-385 alignnone\" src=\"http:\/\/lamaisonbulle.fr\/wp-content\/uploads\/2017\/06\/IMG_0633.jpg\" alt=\"\" width=\"300\" height=\"195\" srcset=\"https:\/\/lamaisonbulle.fr\/wp-content\/uploads\/2017\/06\/IMG_0633.jpg 800w, https:\/\/lamaisonbulle.fr\/wp-content\/uploads\/2017\/06\/IMG_0633-300x196.jpg 300w, https:\/\/lamaisonbulle.fr\/wp-content\/uploads\/2017\/06\/IMG_0633-768x502.jpg 768w\" sizes=\"(max-width: 300px) 100vw, 300px\" \/>\u00a0\u00a0<img decoding=\"async\" loading=\"lazy\" class=\"wp-image-386 alignnone\" src=\"http:\/\/lamaisonbulle.fr\/wp-content\/uploads\/2017\/06\/IMG_0648-1024x768.jpg\" alt=\"\" width=\"260\" height=\"195\" srcset=\"https:\/\/lamaisonbulle.fr\/wp-content\/uploads\/2017\/06\/IMG_0648-1024x768.jpg 1024w, https:\/\/lamaisonbulle.fr\/wp-content\/uploads\/2017\/06\/IMG_0648-300x225.jpg 300w, https:\/\/lamaisonbulle.fr\/wp-content\/uploads\/2017\/06\/IMG_0648-768x576.jpg 768w\" sizes=\"(max-width: 260px) 100vw, 260px\" \/><\/p>\n<h1>Peinture 1-4 ans<\/h1>\n<p><img decoding=\"async\" loading=\"lazy\" class=\"wp-image-366 alignnone\" src=\"http:\/\/lamaisonbulle.fr\/wp-content\/uploads\/2019\/02\/DSC_0048-1024x685.jpg\" alt=\"\" width=\"328\" height=\"220\" srcset=\"https:\/\/lamaisonbulle.fr\/wp-content\/uploads\/2019\/02\/DSC_0048-1024x685.jpg 1024w, https:\/\/lamaisonbulle.fr\/wp-content\/uploads\/2019\/02\/DSC_0048-300x201.jpg 300w, https:\/\/lamaisonbulle.fr\/wp-content\/uploads\/2019\/02\/DSC_0048-768x514.jpg 768w\" sizes=\"(max-width: 328px) 100vw, 328px\" \/>\u00a0<img decoding=\"async\" loading=\"lazy\" class=\" wp-image-357 alignnone\" src=\"http:\/\/lamaisonbulle.fr\/wp-content\/uploads\/2017\/11\/IMG_20190116_094810728.jpg\" alt=\"\" width=\"213\" height=\"221\" srcset=\"https:\/\/lamaisonbulle.fr\/wp-content\/uploads\/2017\/11\/IMG_20190116_094810728.jpg 312w, https:\/\/lamaisonbulle.fr\/wp-content\/uploads\/2017\/11\/IMG_20190116_094810728-290x300.jpg 290w\" sizes=\"(max-width: 213px) 100vw, 213px\" \/><\/p>\n<p>Le mercredi 14 novembre \u00e0 la Maison Guy de Chauliac, 16 petits artistes ont pu profiter d&rsquo;un moment de peinture, en grand. Merci \u00e0 eux et leur parent pour ce beau moment color\u00e9.<\/p>\n<h1>Conf&rsquo;exp\u00e9rience : \u00eatre un parent-explorateur<\/h1>\n<h1><u><\/u><img decoding=\"async\" loading=\"lazy\" class=\"aligncenter size-large wp-image-345\" src=\"http:\/\/lamaisonbulle.fr\/wp-content\/uploads\/2017\/06\/Confexp-1024x576.jpg\" alt=\"\" width=\"660\" height=\"371\" srcset=\"https:\/\/lamaisonbulle.fr\/wp-content\/uploads\/2017\/06\/Confexp-1024x576.jpg 1024w, https:\/\/lamaisonbulle.fr\/wp-content\/uploads\/2017\/06\/Confexp-300x169.jpg 300w, https:\/\/lamaisonbulle.fr\/wp-content\/uploads\/2017\/06\/Confexp-768x432.jpg 768w\" sizes=\"(max-width: 660px) 100vw, 660px\" \/><\/h1>\n<div>Le 9 octobre dernier, \u00e0 la Villa de la Giraudi\u00e8re, 12 parents-explorateurs curieux de d\u00e9couvrir d&rsquo;autres approches \u00e9ducatives \u00e9taient accueillis par\u00a0<a href=\"http:\/\/www.lamaisonbulle.fr\" target=\"_blank\" rel=\"noopener noreferrer\">La Maison Bulle<\/a>. Durant deux heures, cette Conf&rsquo;exp\u00e9rience imagin\u00e9e par\u00a0<a href=\"http:\/\/www.facebook.com\/parentsopositif\" target=\"_blank\" rel=\"noopener noreferrer\">Parents \u00f4 Positif<\/a>\u00a0leur a permis de se\u00a0questionner, de partager, de d\u00e9culpabiliser et d&rsquo;exp\u00e9rimenter ensemble 3 approches sur 3 sujets : les \u00e9motions (approche Filliozat), la coop\u00e9ration (Faber &amp; Mazlish) et les comportements inappropri\u00e9s (Discipline Positive). Les retours des participants sont tr\u00e8s positifs : ils repartent avec de nouvelles possibilit\u00e9s ainsi qu&rsquo;une vision plus claire du r\u00f4le qu&rsquo;ils souhaitent avoir aupr\u00e8s de leurs enfants.<\/div>\n<div><\/div>\n<div>Apr\u00e8s cette soir\u00e9e riche en d\u00e9couvertes, La Maison Bulle lance un \u00ab Parcours de parentalit\u00e9 active\u00a0\u00bb ouverts \u00e0 tous : 7 ateliers pour construire son \u00e9quilibre familial dans la s\u00e9r\u00e9nit\u00e9 et l&rsquo;\u00e9panouissement de chacun.<\/div>\n<div>Informations &amp; inscriptions :\u00a0<a href=\"https:\/\/www.helloasso.com\/associations\/la-maison-bulle\/evenements\/parcours-de-parentalite-active\">Parcours de parentalit\u00e9 active<\/a><\/div>\n<h1>Aide moi \u00e0 faire seul<\/h1>\n<p><img decoding=\"async\" loading=\"lazy\" class=\"wp-image-332 alignnone\" src=\"http:\/\/lamaisonbulle.fr\/wp-content\/uploads\/2017\/06\/DSC_0806-1024x685.jpg\" alt=\"\" width=\"330\" height=\"221\" srcset=\"https:\/\/lamaisonbulle.fr\/wp-content\/uploads\/2017\/06\/DSC_0806-1024x685.jpg 1024w, https:\/\/lamaisonbulle.fr\/wp-content\/uploads\/2017\/06\/DSC_0806-300x201.jpg 300w, https:\/\/lamaisonbulle.fr\/wp-content\/uploads\/2017\/06\/DSC_0806-768x514.jpg 768w\" sizes=\"(max-width: 330px) 100vw, 330px\" \/><img decoding=\"async\" loading=\"lazy\" class=\"wp-image-331 alignnone\" src=\"http:\/\/lamaisonbulle.fr\/wp-content\/uploads\/2017\/06\/DSC_0789.jpg\" alt=\"\" width=\"293\" height=\"223\" srcset=\"https:\/\/lamaisonbulle.fr\/wp-content\/uploads\/2017\/06\/DSC_0789.jpg 800w, https:\/\/lamaisonbulle.fr\/wp-content\/uploads\/2017\/06\/DSC_0789-300x228.jpg 300w, https:\/\/lamaisonbulle.fr\/wp-content\/uploads\/2017\/06\/DSC_0789-768x583.jpg 768w\" sizes=\"(max-width: 293px) 100vw, 293px\" \/><\/p>\n<p>Les rendez-vous d&rsquo;inspiration Montessori ont commenc\u00e9 samedi 9 septembre. Un temps privil\u00e9gier ou l&rsquo;enfant explore ses habilet\u00e9s\u00a0devant le regard soutenant de son parent.<\/p>\n<h1>Secur\u2019en voiture<\/h1>\n<p><img decoding=\"async\" loading=\"lazy\" class=\"wp-image-330 alignnone\" src=\"http:\/\/lamaisonbulle.fr\/wp-content\/uploads\/2017\/06\/DSC_0762.jpg\" alt=\"\" width=\"370\" height=\"252\" srcset=\"https:\/\/lamaisonbulle.fr\/wp-content\/uploads\/2017\/06\/DSC_0762.jpg 800w, https:\/\/lamaisonbulle.fr\/wp-content\/uploads\/2017\/06\/DSC_0762-300x204.jpg 300w, https:\/\/lamaisonbulle.fr\/wp-content\/uploads\/2017\/06\/DSC_0762-768x523.jpg 768w\" sizes=\"(max-width: 370px) 100vw, 370px\" \/><img decoding=\"async\" loading=\"lazy\" class=\"wp-image-329 alignnone\" src=\"http:\/\/lamaisonbulle.fr\/wp-content\/uploads\/2017\/06\/DSC_0767.jpg\" alt=\"\" width=\"247\" height=\"248\" srcset=\"https:\/\/lamaisonbulle.fr\/wp-content\/uploads\/2017\/06\/DSC_0767.jpg 799w, https:\/\/lamaisonbulle.fr\/wp-content\/uploads\/2017\/06\/DSC_0767-150x150.jpg 150w, https:\/\/lamaisonbulle.fr\/wp-content\/uploads\/2017\/06\/DSC_0767-300x300.jpg 300w, https:\/\/lamaisonbulle.fr\/wp-content\/uploads\/2017\/06\/DSC_0767-768x769.jpg 768w\" sizes=\"(max-width: 247px) 100vw, 247px\" \/><\/p>\n<p>Que sait-on vraiment de la s\u00e9curit\u00e9 de nos enfants en voiture ?<\/p>\n<p>Samedi 29 septembre, nous avons eu le plaisir de faire intervenir l&rsquo;association S\u00e9curange pour\u00a0nous aider \u00e0 bien choisir, bien installer et bien utiliser\u00a0nos\u00a0si\u00e8ges auto.<\/p>\n<p>Pour tous ceux qui n&rsquo;ont pas pu en profiter, vous pouvez retrouver l\u2019essentiel sur\u00a0leur site :\u00a0<a href=\"https:\/\/www.securange.fr\" target=\"_blank\" rel=\"noopener noreferrer\">https:\/\/www.securange.fr<\/a>\/<\/p>\n<p>Ce rendez-vous vous a \u00e9t\u00e9 offert par <a href=\"https:\/\/agence.allianz.fr\/brignais-69530-H96927\" target=\"_blank\" rel=\"noopener noreferrer\">Allianz Brignais<\/a><\/p>\n<h1>Forum des associations 2018<\/h1>\n<p><img decoding=\"async\" loading=\"lazy\" class=\"wp-image-320 alignnone\" src=\"http:\/\/lamaisonbulle.fr\/wp-content\/uploads\/2017\/11\/DSC_0463-1024x685.jpg\" alt=\"\" width=\"309\" height=\"207\" srcset=\"https:\/\/lamaisonbulle.fr\/wp-content\/uploads\/2017\/11\/DSC_0463-1024x685.jpg 1024w, https:\/\/lamaisonbulle.fr\/wp-content\/uploads\/2017\/11\/DSC_0463-300x201.jpg 300w, https:\/\/lamaisonbulle.fr\/wp-content\/uploads\/2017\/11\/DSC_0463-768x514.jpg 768w\" sizes=\"(max-width: 309px) 100vw, 309px\" \/><img decoding=\"async\" loading=\"lazy\" class=\"wp-image-319 alignnone\" src=\"http:\/\/lamaisonbulle.fr\/wp-content\/uploads\/2017\/11\/DSC_0481-1024x685.jpg\" alt=\"\" width=\"309\" height=\"206\" srcset=\"https:\/\/lamaisonbulle.fr\/wp-content\/uploads\/2017\/11\/DSC_0481-1024x685.jpg 1024w, https:\/\/lamaisonbulle.fr\/wp-content\/uploads\/2017\/11\/DSC_0481-300x201.jpg 300w, https:\/\/lamaisonbulle.fr\/wp-content\/uploads\/2017\/11\/DSC_0481-768x514.jpg 768w\" sizes=\"(max-width: 309px) 100vw, 309px\" \/><\/p>\n<h5>8\u00a0septembre 2018<\/h5>\n<p style=\"text-align: left;\">Des bulles, des ballons, et surtout pleins d&rsquo;inscriptions ! Cette ann\u00e9e promet d&rsquo;\u00eatre riche en ateliers !<\/p>\n<p>Merci \u00e0 nos b\u00e9n\u00e9voles pour leur d\u00e9vouement, aux organisateurs\u00a0de nous avoir permis de vous rencontrer, et particuli\u00e8rement \u00e0 Laure Gardette de\u00a0<a href=\"http:\/\/parents-o-positif.com\/\" target=\"_blank\" rel=\"noopener noreferrer\">Parents \u00f4 Positif<\/a> pour la cr\u00e9ation des supports de communication d\u00e9di\u00e9s aux familles.<\/p>\n<p style=\"text-align: right;\">Au plaisir de vous revoir,<\/p>\n<p style=\"text-align: right;\">M\u00e9lina et Julie<\/p>\n<p style=\"text-align: left;\">\n","protected":false},"excerpt":{"rendered":"<p>Apprivoisons-nos \u00e9motions Eveil \u00e0 soi et au monde \u00a0\u00a0 Peinture 1-4 ans \u00a0 Le mercredi 14 novembre \u00e0 la Maison Guy de Chauliac, 16 petits artistes ont pu profiter d&rsquo;un moment de peinture, en grand. Merci \u00e0 eux et leur parent pour ce beau moment color\u00e9. Conf&rsquo;exp\u00e9rience : \u00eatre un parent-explorateur Le 9 octobre dernier, &hellip; <a href=\"https:\/\/lamaisonbulle.fr\/?page_id=33\" class=\"more-link\">Continuer la lecture de <span class=\"screen-reader-text\">Retour en images&#8230;<\/span><\/a><\/p>\n","protected":false},"author":1,"featured_media":388,"parent":0,"menu_order":0,"comment_status":"closed","ping_status":"closed","template":"","meta":{"footnotes":""},"_links":{"self":[{"href":"https:\/\/lamaisonbulle.fr\/index.php?rest_route=\/wp\/v2\/pages\/33"}],"collection":[{"href":"https:\/\/lamaisonbulle.fr\/index.php?rest_route=\/wp\/v2\/pages"}],"about":[{"href":"https:\/\/lamaisonbulle.fr\/index.php?rest_route=\/wp\/v2\/types\/page"}],"author":[{"embeddable":true,"href":"https:\/\/lamaisonbulle.fr\/index.php?rest_route=\/wp\/v2\/users\/1"}],"replies":[{"embeddable":true,"href":"https:\/\/lamaisonbulle.fr\/index.php?rest_route=%2Fwp%2Fv2%2Fcomments&post=33"}],"version-history":[{"count":45,"href":"https:\/\/lamaisonbulle.fr\/index.php?rest_route=\/wp\/v2\/pages\/33\/revisions"}],"predecessor-version":[{"id":461,"href":"https:\/\/lamaisonbulle.fr\/index.php?rest_route=\/wp\/v2\/pages\/33\/revisions\/461"}],"wp:featuredmedia":[{"embeddable":true,"href":"https:\/\/lamaisonbulle.fr\/index.php?rest_route=\/wp\/v2\/media\/388"}],"wp:attachment":[{"href":"https:\/\/lamaisonbulle.fr\/index.php?rest_route=%2Fwp%2Fv2%2Fmedia&parent=33"}],"curies":[{"name":"wp","href":"https:\/\/api.w.org\/{rel}","templated":true}]}}

<h1>Apprivoisons-nos émotions</h1>
<p><img decoding="async" loading="lazy" class="wp-image-387 alignnone" src="http://lamaisonbulle.fr/wp-content/uploads/2017/06/DSC_0418.jpg" alt="" width="263" height="210" srcset="https://lamaisonbulle.fr/wp-content/uploads/2017/06/DSC_0418.jpg 800w, https://lamaisonbulle.fr/wp-content/uploads/2017/06/DSC_0418-300x240.jpg 300w, https://lamaisonbulle.fr/wp-content/uploads/2017/06/DSC_0418-768x614.jpg 768w" sizes="(max-width: 263px) 100vw, 263px" /> <img decoding="async" loading="lazy" class="wp-image-388 alignnone" src="http://lamaisonbulle.fr/wp-content/uploads/2017/06/DSC_0394.jpg" alt="" width="300" height="208" srcset="https://lamaisonbulle.fr/wp-content/uploads/2017/06/DSC_0394.jpg 800w, https://lamaisonbulle.fr/wp-content/uploads/2017/06/DSC_0394-300x208.jpg 300w, https://lamaisonbulle.fr/wp-content/uploads/2017/06/DSC_0394-768x533.jpg 768w" sizes="(max-width: 300px) 100vw, 300px" /></p>
<h1>Eveil à soi et au monde</h1>
<p><img decoding="async" loading="lazy" class="wp-image-385 alignnone" src="http://lamaisonbulle.fr/wp-content/uploads/2017/06/IMG_0633.jpg" alt="" width="300" height="195" srcset="https://lamaisonbulle.fr/wp-content/uploads/2017/06/IMG_0633.jpg 800w, https://lamaisonbulle.fr/wp-content/uploads/2017/06/IMG_0633-300x196.jpg 300w, https://lamaisonbulle.fr/wp-content/uploads/2017/06/IMG_0633-768x502.jpg 768w" sizes="(max-width: 300px) 100vw, 300px" />  <img decoding="async" loading="lazy" class="wp-image-386 alignnone" src="http://lamaisonbulle.fr/wp-content/uploads/2017/06/IMG_0648-1024x768.jpg" alt="" width="260" height="195" srcset="https://lamaisonbulle.fr/wp-content/uploads/2017/06/IMG_0648-1024x768.jpg 1024w, https://lamaisonbulle.fr/wp-content/uploads/2017/06/IMG_0648-300x225.jpg 300w, https://lamaisonbulle.fr/wp-content/uploads/2017/06/IMG_0648-768x576.jpg 768w" sizes="(max-width: 260px) 100vw, 260px" /></p>
<h1>Peinture 1-4 ans</h1>
<p><img decoding="async" loading="lazy" class="wp-image-366 alignnone" src="http://lamaisonbulle.fr/wp-content/uploads/2019/02/DSC_0048-1024x685.jpg" alt="" width="328" height="220" srcset="https://lamaisonbulle.fr/wp-content/uploads/2019/02/DSC_0048-1024x685.jpg 1024w, https://lamaisonbulle.fr/wp-content/uploads/2019/02/DSC_0048-300x201.jpg 300w, https://lamaisonbulle.fr/wp-content/uploads/2019/02/DSC_0048-768x514.jpg 768w" sizes="(max-width: 328px) 100vw, 328px" /> <img decoding="async" loading="lazy" class=" wp-image-357 alignnone" src="http://lamaisonbulle.fr/wp-content/uploads/2017/11/IMG_20190116_094810728.jpg" alt="" width="213" height="221" srcset="https://lamaisonbulle.fr/wp-content/uploads/2017/11/IMG_20190116_094810728.jpg 312w, https://lamaisonbulle.fr/wp-content/uploads/2017/11/IMG_20190116_094810728-290x300.jpg 290w" sizes="(max-width: 213px) 100vw, 213px" /></p>
<p>Le mercredi 14 novembre à la Maison Guy de Chauliac, 16 petits artistes ont pu profiter d&rsquo;un moment de peinture, en grand. Merci à eux et leur parent pour ce beau moment coloré.</p>
<h1>Conf&rsquo;expérience : être un parent-explorateur</h1>
<h1><u></u><img decoding="async" loading="lazy" class="aligncenter size-large wp-image-345" src="http://lamaisonbulle.fr/wp-content/uploads/2017/06/Confexp-1024x576.jpg" alt="" width="660" height="371" srcset="https://lamaisonbulle.fr/wp-content/uploads/2017/06/Confexp-1024x576.jpg 1024w, https://lamaisonbulle.fr/wp-content/uploads/2017/06/Confexp-300x169.jpg 300w, https://lamaisonbulle.fr/wp-content/uploads/2017/06/Confexp-768x432.jpg 768w" sizes="(max-width: 660px) 100vw, 660px" /></h1>
<div>Le 9 octobre dernier, à la Villa de la Giraudière, 12 parents-explorateurs curieux de découvrir d&rsquo;autres approches éducatives étaient accueillis par <a href="http://www.lamaisonbulle.fr" target="_blank" rel="noopener noreferrer">La Maison Bulle</a>. Durant deux heures, cette Conf&rsquo;expérience imaginée par <a href="http://www.facebook.com/parentsopositif" target="_blank" rel="noopener noreferrer">Parents ô Positif</a> leur a permis de se questionner, de partager, de déculpabiliser et d&rsquo;expérimenter ensemble 3 approches sur 3 sujets : les émotions (approche Filliozat), la coopération (Faber &amp; Mazlish) et les comportements inappropriés (Discipline Positive). Les retours des participants sont très positifs : ils repartent avec de nouvelles possibilités ainsi qu&rsquo;une vision plus claire du rôle qu&rsquo;ils souhaitent avoir auprès de leurs enfants.</div>
<div></div>
<div>Après cette soirée riche en découvertes, La Maison Bulle lance un « Parcours de parentalité active » ouverts à tous : 7 ateliers pour construire son équilibre familial dans la sérénité et l&rsquo;épanouissement de chacun.</div>
<div>Informations &amp; inscriptions : <a href="https://www.helloasso.com/associations/la-maison-bulle/evenements/parcours-de-parentalite-active">Parcours de parentalité active</a></div>
<h1>Aide moi à faire seul</h1>
<p><img decoding="async" loading="lazy" class="wp-image-332 alignnone" src="http://lamaisonbulle.fr/wp-content/uploads/2017/06/DSC_0806-1024x685.jpg" alt="" width="330" height="221" srcset="https://lamaisonbulle.fr/wp-content/uploads/2017/06/DSC_0806-1024x685.jpg 1024w, https://lamaisonbulle.fr/wp-content/uploads/2017/06/DSC_0806-300x201.jpg 300w, https://lamaisonbulle.fr/wp-content/uploads/2017/06/DSC_0806-768x514.jpg 768w" sizes="(max-width: 330px) 100vw, 330px" /><img decoding="async" loading="lazy" class="wp-image-331 alignnone" src="http://lamaisonbulle.fr/wp-content/uploads/2017/06/DSC_0789.jpg" alt="" width="293" height="223" srcset="https://lamaisonbulle.fr/wp-content/uploads/2017/06/DSC_0789.jpg 800w, https://lamaisonbulle.fr/wp-content/uploads/2017/06/DSC_0789-300x228.jpg 300w, https://lamaisonbulle.fr/wp-content/uploads/2017/06/DSC_0789-768x583.jpg 768w" sizes="(max-width: 293px) 100vw, 293px" /></p>
<p>Les rendez-vous d&rsquo;inspiration Montessori ont commencé samedi 9 septembre. Un temps privilégier ou l&rsquo;enfant explore ses habiletés devant le regard soutenant de son parent.</p>
<h1>Secur’en voiture</h1>
<p><img decoding="async" loading="lazy" class="wp-image-330 alignnone" src="http://lamaisonbulle.fr/wp-content/uploads/2017/06/DSC_0762.jpg" alt="" width="370" height="252" srcset="https://lamaisonbulle.fr/wp-content/uploads/2017/06/DSC_0762.jpg 800w, https://lamaisonbulle.fr/wp-content/uploads/2017/06/DSC_0762-300x204.jpg 300w, https://lamaisonbulle.fr/wp-content/uploads/2017/06/DSC_0762-768x523.jpg 768w" sizes="(max-width: 370px) 100vw, 370px" /><img decoding="async" loading="lazy" class="wp-image-329 alignnone" src="http://lamaisonbulle.fr/wp-content/uploads/2017/06/DSC_0767.jpg" alt="" width="247" height="248" srcset="https://lamaisonbulle.fr/wp-content/uploads/2017/06/DSC_0767.jpg 799w, https://lamaisonbulle.fr/wp-content/uploads/2017/06/DSC_0767-150x150.jpg 150w, https://lamaisonbulle.fr/wp-content/uploads/2017/06/DSC_0767-300x300.jpg 300w, https://lamaisonbulle.fr/wp-content/uploads/2017/06/DSC_0767-768x769.jpg 768w" sizes="(max-width: 247px) 100vw, 247px" /></p>
<p>Que sait-on vraiment de la sécurité de nos enfants en voiture ?</p>
<p>Samedi 29 septembre, nous avons eu le plaisir de faire intervenir l&rsquo;association Sécurange pour nous aider à bien choisir, bien installer et bien utiliser nos sièges auto.</p>
<p>Pour tous ceux qui n&rsquo;ont pas pu en profiter, vous pouvez retrouver l’essentiel sur leur site : <a href="https://www.securange.fr" target="_blank" rel="noopener noreferrer">https://www.securange.fr</a>/</p>
<p>Ce rendez-vous vous a été offert par <a href="https://agence.allianz.fr/brignais-69530-H96927" target="_blank" rel="noopener noreferrer">Allianz Brignais</a></p>
<h1>Forum des associations 2018</h1>
<p><img decoding="async" loading="lazy" class="wp-image-320 alignnone" src="http://lamaisonbulle.fr/wp-content/uploads/2017/11/DSC_0463-1024x685.jpg" alt="" width="309" height="207" srcset="https://lamaisonbulle.fr/wp-content/uploads/2017/11/DSC_0463-1024x685.jpg 1024w, https://lamaisonbulle.fr/wp-content/uploads/2017/11/DSC_0463-300x201.jpg 300w, https://lamaisonbulle.fr/wp-content/uploads/2017/11/DSC_0463-768x514.jpg 768w" sizes="(max-width: 309px) 100vw, 309px" /><img decoding="async" loading="lazy" class="wp-image-319 alignnone" src="http://lamaisonbulle.fr/wp-content/uploads/2017/11/DSC_0481-1024x685.jpg" alt="" width="309" height="206" srcset="https://lamaisonbulle.fr/wp-content/uploads/2017/11/DSC_0481-1024x685.jpg 1024w, https://lamaisonbulle.fr/wp-content/uploads/2017/11/DSC_0481-300x201.jpg 300w, https://lamaisonbulle.fr/wp-content/uploads/2017/11/DSC_0481-768x514.jpg 768w" sizes="(max-width: 309px) 100vw, 309px" /></p>
<h5>8 septembre 2018</h5>
<p style="text-align: left;">Des bulles, des ballons, et surtout pleins d&rsquo;inscriptions ! Cette année promet d&rsquo;être riche en ateliers !</p>
<p>Merci à nos bénévoles pour leur dévouement, aux organisateurs de nous avoir permis de vous rencontrer, et particulièrement à Laure Gardette de <a href="http://parents-o-positif.com/" target="_blank" rel="noopener noreferrer">Parents ô Positif</a> pour la création des supports de communication dédiés aux familles.</p>
<p style="text-align: right;">Au plaisir de vous revoir,</p>
<p style="text-align: right;">Mélina et Julie</p>
<p style="text-align: left;">

<p>Apprivoisons-nos émotions Eveil à soi et au monde    Peinture 1-4 ans   Le mercredi 14 novembre à la Maison Guy de Chauliac, 16 petits artistes ont pu profiter d&rsquo;un moment de peinture, en grand. Merci à eux et leur parent pour ce beau moment coloré. Conf&rsquo;expérience : être un parent-explorateur Le 9 octobre dernier, &hellip; <a href="https://lamaisonbulle.fr/?page_id=33" class="more-link">Continuer la lecture de <span class="screen-reader-text">Retour en images&#8230;</span></a></p>
